
Suppose 4*l + 3*j - 18 = l, -2*j = 5*l - 21. Suppose -2*k + 5*q = -59, -5*k - l*q + 225 = -0*q. What are the prime factors of k?
2, 3, 7
Suppose 75 = 3*o - 6. Let m = 7 + o. List the prime factors of m.
2, 17
Let h(u) be the second derivative of -u**5/20 - 5*u**4/12 + 3*u**3/2 + 7*u**2/2 - 7*u. Let r be h(-6). What are the prime factors of (-254)/(-8) - r/44?
2
Let u(c) be the third derivative of c**5/60 - c**4/3 - 13*c**3/6 - c**2. List the prime factors of u(11).
2, 5
Suppose -1369 = -6*p + 1397. What are the prime factors of p?
461
Suppose -956 = -4*f - 2*u, 5*u - 147 = -3*f + 556. Suppose -f = -3*z + 32. List the prime factors of z.
7, 13
Let q = -77 - 103. List the prime factors of q/(-13) + (-2)/(-13).
2, 7
Let z(b) = b**2 - 2*b + 5. Let i be z(2). Suppose -i = -4*x + 59. What are the prime factors of x?
2
Let u(s) = -3*s**2 + 25*s + 17. Let t be u(9). Let f(l) = 50*l**2 - 2*l - 3. What are the prime factors of f(t)?
7
Let q = -113 + 135. Let x = -9 - -15. Let t = q - x. List the prime factors of t.
2
Let x(i) = 255*i**2 - 2*i - 1. Let o be x(-1). Let t = -56 + o. List the prime factors of t.
2, 5
Let t(a) = 18*a - 16. Let w be t(7). Suppose w*b - 400 = 105*b. What are the prime factors of b?
2, 5
Let w = 9 + -4. Suppose 0 = 3*n, w*o - n - 64 = o. Suppose 5*l - 59 = 3*c, 2*l - o = 2*c + 3*c. List the prime factors of l.
13
Suppose 12*y - 16*y = 2*o - 7478, 2*o = -6. What are the prime factors of y?
1871
Suppose -d - 114 - 16 = -2*c, -556 = 4*d + c. Let t = 236 + d. What are the prime factors of t?
2, 7
Suppose -2*u + 182 = 5*y - 97, -5*u + 645 = -5*y. List the prime factors of u.
2, 3, 11
Let t = 5 + -2. Suppose 0 = -t*r + 3*p + 1 + 11, 0 = r - 5*p - 4. Suppose r*k - 38 = 6. List the prime factors of k.
11
Let i be 30*-1*11/(-33). Let o be (-14092)/(-130) - 4/i. Let g = 160 - o. What are the prime factors of g?
2, 13
Let b = 650 + -611. List the prime factors of b.
3, 13
Suppose -4*u - k = -51, k = 3*u + 3*k - 37. Suppose 0 = -m + 4*v - u, -3*m = -0*v - 3*v + 3. Suppose m*f + 5 = 4*f. What are the prime factors of f?
5
Suppose 4*j + j = 25. Suppose 0 = -3*c - i - 25, -3*c - j*i - 37 = 4. What are the prime factors of (-6)/14 + (-80)/c?
11
Let a(w) be the third derivative of w**5/30 - 23*w**4/24 + 16*w**3/3 + 24*w**2. List the prime factors of a(15).
137
Suppose -2*w - 8 = -2*v - 0*w, 4*v - w = 31. Suppose 2*b - 57 = 5*d, 0*b - 2*b = d - 39. Suppose 0 = r - v - b. What are the prime factors of r?
2, 3, 5
Let k = 2 - -3. Suppose -5*w = -4*i + 350, -2*i - 280 = -k*i - 5*w. What are the prime factors of i?
2, 3, 5
Suppose 0*z - z = 39. Let a = -22 - z. What are the prime factors of a?
17
Suppose -y = -4*y + 33. Suppose y*s = 9*s + 4. Suppose 4*d = 4*t + 72, 2*d + 3*t = s*t + 24. What are the prime factors of d?
2, 7
Let t(r) be the first derivative of 31*r**2/2 - 10*r + 9. List the prime factors of t(3).
83
Let o(q) = 16*q**2 - 17*q + 43. List the prime factors of o(8).
7, 19
Suppose 2*c = -2*l - 10, -3*l - 4*c - 40 = -6*c. Let s(y) = -y + 3. List the prime factors of s(l).
13
Suppose -1328 = -2*p - 1060. What are the prime factors of p?
2, 67
Let d be 1/2*(-7 - -15) + -1. Suppose d*s - 238 = -2*f, -4*f - s - 224 + 690 = 0. What are the prime factors of f?
2, 29
Let c be (3/(-2))/(4/8). Let f(q) = q**3 + 5*q**2 + 2*q - 4. Let t be f(c). Suppose -36 = -z - t. What are the prime factors of z?
2, 7
Let f be 508/3 + (-4)/(-6). Suppose -3*x + x + f = 0. List the prime factors of 4/2*x/10.
17
Let n(h) = -37*h**2 - 5*h - 8. Let v(d) = d**2 + 1. Let a(c) = -n(c) - 3*v(c). What are the prime factors of a(-2)?
131
Let c = -9 - -19. Let t = -28 - -24. Let h = c + t. What are the prime factors of h?
2, 3
Suppose -22 = -4*m + 2*j, -j + 0 = m - 4. Suppose -4*g - 255 = -m*f + 239, 4*f - 2*g = 394. What are the prime factors of f?
2, 7
Let m(a) = 258*a**2 + 4*a - 14. What are the prime factors of m(2)?
2, 3, 19
Let p(t) = -t**3 - 2*t**2 + 2*t - 7. Let x be p(-3). List the prime factors of (582/9)/(x/(-6)).
97
Suppose w - 10*w + 24102 = 0. List the prime factors of w.
2, 13, 103
Suppose 3336 = 13*q - 5*q. List the prime factors of q.
3, 139
Let t(n) = -n**2 - 4*n + 6. Let m be 3/9 + 32/(-6). Let y be t(m). What are the prime factors of 3 + (-2 - y - -16)?
2
Suppose -10*k - 2011 = -12541. List the prime factors of k.
3, 13
Let x(y) = -82*y + 2. Let p be x(-3). Suppose -r - p = -5*r. What are the prime factors of r?
2, 31
Let p(s) = 30*s - 70. Let r be p(16). Suppose 2*q - r = -2*m, -3*m + 5*m = -5*q + 1037. What are the prime factors of q?
11, 19
List the prime factors of (14460/90)/(1/((-27)/(-2))).
3, 241
Suppose 0 = 8*x + 1099 - 28091. List the prime factors of x.
2, 7, 241
List the prime factors of 147220/70 - (54/(-14) - -4).
3, 701
Suppose -j - 4 = 0, -h + 13 = -7*j + 4*j. Let y(z) = z**2 - z + 1. Let d be y(0). List the prime factors of -3 - (-22 - (d - h)).
19
Let z(c) = -4*c**2 - 15*c - 17. Let a be z(-13). What are the prime factors of 2/1*a/(-12) + 3?
2, 43
Let p(n) = n**2 - 18*n - 20. Let u(b) = -b**2 + 1. Let g(y) = -p(y) - 2*u(y). What are the prime factors of g(-20)?
2, 29
Suppose -t + 56 = 2*a, 3*a - 53*t - 84 = -51*t. List the prime factors of a.
2, 7
Let b(z) = -59*z**3 - 2*z**2 + 5. Let d be b(2). What are the prime factors of (2/5)/((-5)/d)?
2, 19
Let l(z) be the third derivative of z**5/60 + 7*z**3/3 + 7*z**2. Let b be l(0). Suppose -5*h + b = -31. List the prime factors of h.
3
Let s(l) = l**2 - 15*l + 10. Suppose -u = -0*u - 9. Let c be s(u). Let w = c + 82. What are the prime factors of w?
2, 19
Suppose 4*m = 4*b - 2*b + 98, 4*b - 80 = -4*m. Suppose -2*i - m = -215. List the prime factors of i/4*3/2.
2, 3
Let a(p) = -p**2 - 13*p + 17. Let l be a(-14). Suppose -l*g + 530 - 140 = 0. What are the prime factors of g?
2, 5, 13
Let l = -265 + 727. List the prime factors of l.
2, 3, 7, 11
Suppose 3*a - 31 = 2*a. Let k(v) = -5*v + 48. Let q be k(14). Let j = a + q. What are the prime factors of j?
3
Suppose -8*g - 2346 = -14*g. Let v = -88 + g. List the prime factors of v.
3, 101
Suppose 0 = -132*b + 128*b + 1816. List the prime factors of b.
2, 227
Suppose 4*f = w + 3*w + 20, 20 = -3*w + 4*f. Suppose w = -4*n - 11 + 87. What are the prime factors of n?
19
Suppose -848*y + 12474 = -842*y. List the prime factors of y.
3, 7, 11
Let r(n) = -n + 9. Let h be r(-15). Suppose i - h = -2*i. Suppose -5*j + 152 = -i. What are the prime factors of j?
2
Let d = -21 - -20. Let q be (-133)/(-28) - d/4. Suppose x = 2*y - 84 + 4, q*y - 182 = -2*x. List the prime factors of y.
2, 19
Let i be 3/((-18)/165*(-5)/(-8)). Let y = i - -260. List the prime factors of y.
2, 3
Let i = -108 + 753. Suppose i = 5*j + f - 5*f, 2*j = -4*f + 230. List the prime factors of j.
5
Let h = -5 + 316. List the prime factors of h.
311
Suppose h + 3*d = 1245 + 371, 5*d = -h + 1612. What are the prime factors of h?
2, 811
Let w = -5 + 15. List the prime factors of ((-215)/w - -1)*-4.
2, 41
Suppose t - 11*q = -6*q + 217, 2*q = 2*t - 394. List the prime factors of t.
2, 3
Suppose -2*n = 115 + 33. Let u = n + 92. What are the prime factors of u?
2, 3
Suppose -3 = -6*u + 33. Let x = u + -3. Suppose -s - x*f + 65 = 0, 3*s + 49 = 4*s - f. List the prime factors of s.
53
Let f(l) = l**2 - 4*l - 4. Let o be f(6). Suppose 2*n = o*n. List the prime factors of (n + 5/(-10))*-26.
13
Let f(p) be the first derivative of 2*p**3/3 - p**2 + 2*p + 7. Let c be f(5). Suppose 2*m = -2*d + 56, 3*m + 5*d - c = 44. List the prime factors of m.
3
Let a(o) = o + 1. Let b be a(3). Suppose -m = -2 + 7, -b*p - 63 = 3*m. What are the prime factors of (-4)/p - (-582)/9?
5, 13
Let m(p) = 2*p**2 - 3*p**2 + 4 + 45*p**3 - 4*p**2 - 37*p**3. What are the prime factors of m(2)?
2, 3
Let t(k) = -k**3 - 13*k**2 - 14*k - 17. Let b be t(-12). Suppose 2*d = b*d - 225. Suppose -3*w = -9 - d. List the prime factors of w.
2, 3
Suppose -2*r = 3*p - 0*p - 86, 3*r - 49 = -2*p. Let n(d) = d**3 - 3*d**2 + 4*d - 32. Let l be n(4). List the prime factors of (p - 3) + (2 - l).
31
Let g = 0 - 16. Let w be -2 + (-3)/(12/g). Suppose 5*c = w*p - 57 - 35, -3*c = p - 57. What are the prime factors of p?
3, 17
Suppose 4*k - 107 = 13. Suppose 4*t - 27 = -z, -5*z - 2*t + k = -15. List the prime factors of z.
7
Suppose l + 4*r = -15, 3*l - 4*